11613 (base 7) to base 15
-d83
What is -20487 (base 16) in base 6?
-2500103
Convert 75863 (base 10) to base 5.
4411423
Convert -1c4970 (base 15) to base 2.
-101010001100001101001
Convert -151423300 (base 6) to base 5.
-1302113104
-137040 (base 8) to base 5
-3024142
104b229 (base 14) to base 11
4399558
Convert -127245 (base 11) to base 6.
-4141353
-1010001110101101000010 (base 2) to base 16
-28eb42
Convert -1000001110110111001011 (base 2) to base 9.
-4048227
Convert -100000000111101101011 (base 2) to base 13.
-2ab0c4
Convert 213231231 (base 4) to base 6.
3253033
1860a5 (base 12) to base 3
210121021122
-441114133 (base 5) to base 16
-1cea06
What is 37c2d (base 16) in base 13?
7cc60
Convert -200413004 (base 5) to base 8.
-3020202
Convert 11480a (base 15) to base 12.
33973a
-467814 (base 9) to base 8
-1045356
-146134 (base 11) to base 14
-5d007
Convert -553614 (base 7) to base 2.
-10111110001011110
-1014233 (base 5) to base 13
-7869
Convert 15a9310 (base 11) to base 2.
1010011011110111011011
322b9 (base 15) to base 8
467021
Convert -1652603 (base 7) to base 11.
-148a06
What is 101011000111000001 (base 2) in base 11?
110735
1000100110010111101 (base 2) to base 13
9b351
What is -3222043440 (base 5) in base 13?
-15523aa
Convert -238476 (base 10) to base 3.
-110010010110
Convert -396386 (base 10) to base 7.
-3240434
1076cb6 (base 16) to base 14
2415686
Convert 1080524 (base 9) to base 4.
2032222210
Convert 8235465 (base 10) to base 7.
130000050
Convert -210842 (base 15) to base 13.
-430235
Convert -101122024 (base 5) to base 10.
-410889
-268131 (base 9) to base 4
-213321031
What is -66b71 (base 14) in base 8?
-746577
What is 112103434 (base 7) in base 13?
1557157
4322323110 (base 5) to base 9
18245517
Convert 259284 (base 12) to base 15.
c2d74
4124021 (base 5) to base 13
24897
What is -6822 (base 11) in base 2?
-10001100010010
What is -10034001134 (base 5) in base 6?
-555402233
-180857 (base 12) to base 8
-1454303
762780 (base 15) to base 11
31a42a0
Convert -760581 (base 12) to base 4.
-13013310301
Convert 2aa3048 (base 11) to base 13.
1139319
What is 1043755 (base 10) in base 13?
2a710b
-715075 (base 10) to base 2
-10101110100101000011
-80453 (base 9) to base 7
-310053
101101000101101000 (base 2) to base 16
2d168
Convert -121220211201 (base 3) to base 8.
-1212355
231443410 (base 5) to base 12
4258b6
-46668 (base 10) to base 3
-2101000110
What is 12000312 (base 5) in base 14?
2bc65
What is -111100100101110000001 (base 2) in base 11?
-1136738
-1241043 (base 7) to base 16
-275d9
302001102001 (base 4) to base 10
13112449
Convert 1205232 (base 6) to base 4.
33132110
Convert 10110102000102 (base 3) to base 11.
1046369
What is 1001000100100011110 (base 2) in base 14?
7a47c
What is -79464 (base 10) in base 13?
-2a228
5b289 (base 14) to base 11
142415
73297 (base 11) to base 13
39817
What is 575cca (base 16) in base 2?
10101110101110011001010
What is -1162d95 (base 14) in base 6?
-454005451
Convert 1fdec9 (base 16) to base 6.
112433401
Convert -16502070 (base 8) to base 6.
-214110200
What is -c9c765 (base 16) in base 13?
-298002c
What is bdcbc (base 15) in base 8?
2232753
What is -65618 (base 16) in base 6?
-12522252
What is -2112771 (base 9) in base 13?
-3077aa
What is 11022200011010 (base 3) in base 11?
1329402
Convert 313223122222 (base 4) to base 10.
14595754
Convert -22201220 (base 3) to base 7.
-24366
Convert 4443323 (base 5) to base 9.
127845
What is -1a7261 (base 12) in base 4?
-1302122221
What is 1125577 (base 9) in base 13?
183808
What is 220002210 (base 3) in base 10?
17571
What is 103247 (base 9) in base 13?
21c73
Convert 111000100101000001011110 (base 2) to base 15.
147e8aa
-10561386 (base 10) to base 9
-21776443
What is -4432111 (base 6) in base 15?
-45c11
-1033464 (base 8) to base 5
-32320101
-13a0b7 (base 14) to base 10
-680673
Convert 26226 (base 11) to base 15.
b1c8
What is 382044 (base 9) in base 10?
231133
-76a194 (base 14) to base 2
-1111010110001011110110
What is 56779 (base 10) in base 11?
39728
10111002111 (base 3) to base 6
1245321
What is a5a0d1 (base 15) in base 16?
784075
Convert -202612 (base 9) to base 5.
-12320203
What is -77664504 (base 8) in base 3?
-1011111102002012
34145 (base 13) to base 2
10111000111101001
What is 3ab6d (base 14) in base 3?
21100211012
134430000 (base 5) to base 11
43a369
-1000100011001011100 (base 2) to base 15
-58021
36a6b (base 13) to base 12
4a2b0
What is 1a498a (base 12) in base 11?
297a99
441ab (base 13) to base 3
20021012020
What is -3036536 (base 9) in base 5?
-403300233
What is -150635 (base 7) in base 9?
-43858
303221333 (base 6) to base 16
4f4df9
What is 13552024 (base 9) in base 15?
8c7317
21501224 (base 6) to base 10
645712
What is -10000001000001011 (base 2) in base 9?
-110548
Convert -6b4408 (base 12) to base 14.
-32dd44
-1012022011101 (base 3) to base 8
-2331636
What is 11111101001001011 (base 2) in base 4?
133221023
-130441033 (base 5) to base 2
-10011100010010001111
What is -14a084 (base 11) in base 8?
-707071
What is 88b63 (base 14) in base 12?
13ba2b
Convert -971f5 (base 16) to base 7.
-5155441
-24511204 (base 6) to base 8
-3001024
Convert 3023111002 (base 4) to base 7.
10036042
What is 16a31c (base 13) in base 2?
10001001111110101001
-123220633 (base 7) to base 8
-35611260
What is 798a (base 15) in base 13?
b971
-166723 (base 10) to base 12
-80597
Convert -800ad (base 15) to base 7.
-3305143
3620f (base 16) to base 4
312020033
Convert -98fc0d (base 16) to base 12.
-34360b9
What is -32879 (base 16) in base 7?
-1521260
What is 4703368 (base 10) in base 8?
21742210
Convert -510061 (base 9) to base 5.
-34124421
Convert 48a497 (base 14) to base 3.
11200100111102
-202a6b (base 12) to base 3
-221112111102
What is -207428 (base 10) in base 5?
-23114203
Convert -302310232011 (base 4) to base 14.
-1aab52d
-280032 (base 9) to base 3
-22200001002
Convert -3baaa (base 16) to base 13.
-87317
What is -17638276 (base 10) in base 4?
-1003102032010
Convert 173205c (base 14) to base 8.
53427122
Convert -421e94 (base 15) to base 6.
-151230034
What is 2605561 (base 11) in base 7?
53251245
110111020010121 (base 3) to base 12
228128a
Convert -a10a41 (base 15) to base 5.
-3424143221
What is -25430235 (base 6) in base 2?
-11001010001101001111
Convert 101303022131 (base 4) to base 14.
896629
Convert -21a6c10 (base 13) to base 16.
-9d8ef0
92968 (base 11) to base 12
66576
Convert -13608618 (base 10) to base 8.
-63723252
Convert 1130000 (base 6) to base 9.
88000
-5ac366 (base 14) to base 8
-13664106
What is 949109 (base 10) in base 11?
599097
What is -31002303 (base 5) in base 4?
-331013120
-42301233 (base 6) to base 9
-2284373
What is -12629886 (base 10) in base 7?
-212231553
Convert -1331142 (base 7) to base 9.
-287006
-33200131132 (base 4) to base 2
-1111100000011101011110
Convert -1022222120 (base 3) to base 2.
-110011001111000
Convert 11122321 (base 6) to base 11.
210640
-1629283 (base 11) to base 5
-1202420321
Convert -1021112120 (base 5) to base 12.
-8680b7
-4454503 (base 6) to base 9
-372883
What is -7330301 (base 10) in base 5?
-3334032201
-2e8d (base 15) to base 13
-474a
481a0 (base 12) to base 10
97032
What is 11012001 (base 4) in base 8?
50601
Convert -22fc5 (base 16) to base 8.
-427705
-5033214 (base 6) to base 15
-4a74d
Convert -22225b (base 14) to base 3.
-2011212002020
-23043240 (base 5) to base 11
-130907
Convert -216688 (base 9) to base 14.
-35331
Convert -10110010011110101 (base 2) to base 10.
-91381
What is -201020011211101 (base 3) in base 4?
-212332313311
Convert -1415ba4 (base 12) to base 10.
-4012396
3332312111 (base 4) to base 15
15945b
What is -2671b (base 12) in base 15?
-109eb
What is 414232331 (base 5) in base 15?
23c211
Convert -30221122 (base 5) to base 7.
-2025435
-1222101012212 (base 3) to base 4
-10000200113
-1482872 (base 13) to base 7
-106433306
Convert 231002020 (base 5) to base 16.
fbd56
What is 101100010000110010101 (base 2) in base 8?
5420625
Convert -1223191 (base 10) to base 6.
-42114531
Convert 45823 (base 11) to base 16.
102a4
What is -415313 (base 6) in base 4?
-20030331
Convert 11120110121101 (base 3) to base 16.
2514f7
2120002320 (base 4) to base 14
122d60
Convert -395c1b (base 14) to base 3.
-10201100121202
-170e27 (base 16) to base 3
-2211202122011
141723 (base